 9 + 1. What is q(s)?
-12
Let u be 16/6 + 4/12. Let d(x) be the second derivative of -3*x - 2*x**2 + 0 + 1/6*x**u. Calculate d(3).
-1
Let w(u) = 3564 - 3*u - 3568 - 4*u + 4*u. Determine w(3).
-13
Let l(v) be the first derivative of -2 + 1/60*v**5 + 1/4*v**4 + 3/2*v**2 + 1/6*v**3 + 0*v. Let o(j) be the second derivative of l(j). Calculate o(-5).
-4
Let f(y) = -2*y - 1. Suppose -11 = -6*m - 47. Give f(m).
11
Let f(u) be the first derivative of -u**2/2 + u + 25. What is f(2)?
-1
Let s(i) = i - 4. Let f(h) = -9*h - 13. Let c(p) = -4*p - 6. Let m(d) = 7*c(d) - 3*f(d). Let y be m(-3). Suppose y = 2*l - 5*l. Determine s(l).
-4
Let h(b) = 0 - 4 + 2*b - b. Suppose -5*f - 3*t + 11 = 0, 2*t - 2 = -3*f + 4. What is h(f)?
0
Let o(s) be the third derivative of s**6/120 + s**5/20 + s**4/12 + s**3/2 + s**2. Let z(n) = -2*n**2 - 20*n - 2. Let g be z(-10). Determine o(g).
3
Let a be (-6)/(-24) + (-22)/(-8). Let f(q) = -2 + 4 - a + 3 + 3*q. Calculate f(-3).
-7
Let m(i) be the second derivative of i**6/120 + i**5/20 - i**4/6 + 5*i**3/6 - i**2 + 2*i. Let s(w) be the first derivative of m(w). Determine s(-4).
5
Let n(k) be the third derivative of 0*k + 1/2*k**3 - 1/120*k**6 - k**2 - 1/12*k**5 + 0 - 1/8*k**4. Let w = -3 - 0. What is n(w)?
-6
Let u(o) = o**3 - 3*o**2 - 4*o + 4. Let p be ((-21)/(-14) - 2)*-4*2. Give u(p).
4
Let g = -16 + 11. Let y(r) = 2 - 7*r - 3*r**2 + 5*r + 2*r**2 - 2*r. What is y(g)?
-3
Let y = 56 - 59. Let d(j) = -j**3 - 3*j**2 - j - 2. Determine d(y).
1
Let d be (1 + -2 - 0) + 6. Suppose d*i = 2*x - 3, x + 0*i = 2*i + 2. Let a be x/(-2) + -1 + 1. Let m(r) = r**3 + 2*r**2 - 2*r - 2. Calculate m(a).
2
Let x(y) = y**2 + y + 5. Suppose -3*i + 12 = 0, 0 = 2*h - 0*i - 5*i + 20. What is x(h)?
5
Suppose 3*m = -4*a + 25, a - m + 1 = 2. Let s(h) = h**3 - 5*h**2 + 2*h - 4. Determine s(a).
-12
Suppose 2*p = 7*p - 15. Let t be 5/10 + p/(-2). Let h(g) = -8*g**3 + g + 1. Determine h(t).
8
Let s(i) be the second derivative of -i**4/12 + 5*i**3/6 + i**2/2 + i. Suppose 0*v - v = 2*a - 12, -v = 0. Let b = a - 2. Determine s(b).
5
Suppose 3*z = -2*a - 14 - 73, -2*a = 4*z + 82. Let x be (-4)/10 + a/(-15). Let g(p) = -p**3 + 3*p**2 + p. Calculate g(x).
3
Let w(b) be the third derivative of -b**4/12 + b**3/3 - b**2. Suppose 0 = -q - 2*i + 4, -q + 0*q = -2*i - 16. Let v = 16 - q. Give w(v).
-10
Let q(x) = -x**3 - 2*x**2 + 2*x + 3. Let g(u) = -3*u - 11. Let w be g(-8). Suppose w*f = 11*f - 6. Give q(f).
6
Let x(j) = -j**3 + j**2 + 1. Let y(m) = m**2 + m - 4. Let i be y(-3). Determine x(i).
-3
Let v(d) = -4*d + 1. Suppose 2*m - 3*b - 10 = -2*m, -m = -4*b - 9. Determine v(m).
-3
Let u(b) = -5*b**2 - b. Let h(k) = -7*k + 1. Let y be h(1). Let z be (-4)/y*9/6. Calculate u(z).
-6
Let g(q) = q - 2. Let j(s) = -s + 1. Suppose d + 52 = 5*d. Let k(a) = d*j(a) + 6*g(a). Determine k(-1).
8
Let q be (20/15)/(4/6). Let w(b) = b - 4*b - b + 1 + q*b - b**2. Let s(o) = o**3 - 6*o**2 + 5*o - 4. Let j be s(5). What is w(j)?
-7
Let w = 10 + -5. Suppose 7*a - 6 = w*a. Let r(i) = 5*i**a - 6 - 4*i**3 + 6*i**2 - i**2. What is r(-5)?
-6
Let p = -1 - -3. Let h(r) = -r**3 + 4*r**2 - 2*r + 1. Let a be h(p). Let w(f) = -f**3 + 5*f**2 + 5. Calculate w(a).
5
Let k(d) = 1 - 29*d**2 - 16*d**2 + 51*d**2. Determine k(-1).
7
Let k(y) = -y**3 + 4*y**2 + 2*y - 6*y + 0 - 1. Let b(i) = i**2 + 8*i + 8. Let q be b(-7). Let f = q - -2. What is k(f)?
-4
Let d(x) = -2*x - 7. Let o = 6 + 4. Suppose 0 = -6*w + w + o. Suppose -4*r = -5*u - 5, -u + w = 4*r + 27. Determine d(u).
3
Let o(p) be the third derivative of -p**5/60 + p**4/3 - 7*p**3/6 - p**2 - 18. What is o(6)?
5
Let m(y) = -y - 4. Let v be m(-6). Let a(t) = -4 - t**3 - t**2 - 6*t - 8*t**v + 3*t**2. What is a(-5)?
1
Let l(g) be the second derivative of -3*g - 1/2*g**2 - 1/12*g**4 + 1/6*g**3 + 0. Give l(3).
-7
Let v(p) = 4*p**2 + 2*p. Let l(w) = -w - 11. Let a be (3/4)/((-3)/36). Let u be l(a). Give v(u).
12
Let a(y) = -21*y**2 - 3*y - 4 - y**3 + 3*y + 18*y**2 - 2*y. Suppose 10 = 5*t + 5*v, 20 - 7 = 4*t + 5*v. Calculate a(t).
2
Suppose 0 = 2*q + 5 + 7. Let w(l) = 2*l + 3. Determine w(q).
-9
Let i(l) = 3*l**3 + 3*l**2 + 11*l - 15. Let f(g) = -g**3 - g**2 - 4*g + 5. Let b(q) = 8*f(q) + 3*i(q). Let j = -5 + 5. Determine b(j).
-5
Let o(f) = -4*f + 1. Let h be (-34)/153 + (-32)/18. Give o(h).
9
Let s(u) be the second derivative of -1/3*u**3 + 1/2*u**2 + 2*u + 0 + 1/4*u**4 + 1/60*u**5. Let f(p) be the first derivative of s(p). Calculate f(-5).
-7
Suppose 0 = 11*z - 7 - 15. Let s(q) = 5*q - 3. Determine s(z).
7
Let z(g) = -g**3 - 5*g**2 - 2*g - 2. Let o(q) = -q**3 - 3*q**2 - 2*q - 4. Let p be o(-4). Suppose p = -5*m - 5. Calculate z(m).
8
Let y(n) = -n**2 + 14*n - 9. Let a be y(11). Suppose 0 = 4*k + 3*l - a, -4*k = -2*l + 3*l - 16. Suppose -5*g - 8 = -k. Let v(c) = 2*c**3 + c. Calculate v(g).
-3
Let c(o) = -99*o + 186*o + 3 - 92*o. Calculate c(2).
-7
Let o(k) = -k - 31. Let q be o(-26). Let h(z) be the first derivative of z**3/3 + 2*z**2 + 2*z - 1. Determine h(q).
7
Let i(x) be the second derivative of x**4/12 + x**3/2 + 3*x**2/2 + 8*x. Let u(k) = -k**2 + 4*k - 2. Let l be u(3). Suppose 0 = 2*a - l + 7. What is i(a)?
3
Let h(g) be the third derivative of 0*g**3 + 0 + 1/720*g**6 - 1/24*g**4 - g**2 + 0*g**5 + 0*g. Let w(u) be the second derivative of h(u). Calculate w(1).
1
Let r(u) = -2. Let w be (-2)/3 + (-10)/(-6). Let m(p) = p. Let z(t) = w*r(t) + m(t). Let g be -2*1 - (-2 - -2). Calculate z(g).
-4
Let i(k) = 5*k**3 + 1. Let g = 33 - 32. Calculate i(g).
6
Let x(s) = -s - 10. Let p = -5 - -8. Let f(d) = d**3 - 2*d**2 + 1. Let c be f(p). Suppose 3*a - 4*w - w - c = 0, -4*a = -4*w. Determine x(a).
-5
Let y(c) be the second derivative of -2*c + 0 - 1/6*c**3 + 2*c**2. What is y(4)?
0
Let j be 65/15 + 2/3. Suppose -4*f + 12 = j*x, -3*f - 3 = -4*x - 4*f. Let t(a) = -a - 2. Give t(x).
-2
Suppose -3*v = 3*s - s - 3, 5*s - 33 = v. Suppose 4*p - s + 18 = 0. Let y(a) = -a**3 - 3*a**2 + 1. Determine y(p).
1
Let z be 270/35 + 2/7. Let f(n) = -n**3 + 9*n**2 - 9*n + 5. Let a be f(z). Let i(t) = -2*t. Determine i(a).
6
Let w be -2*(1 + (-6)/2). Let k = 3 - w. Let h(x) = x**2 + 0*x**2 + x**2. Determine h(k).
2
Let p(u) = u**3 - 3*u**2 - 5*u + 2. Let d = 71 - 67. Give p(d).
-2
Let y(w) = 7 - 6 - 8 - 2*w - 2. Suppose 0*d + 2*d = 10, 5*m - d = 235. Suppose -m + 18 = 5*g. Calculate y(g).
3
Let t(d) = -5*d**2 - 2*d**3 + 3*d**3 - 246 + d + 248 + d**2. Determine t(2).
-4
Let k be (-8)/2*(-21)/(-14). Let i(w) = 2*w + 6. Determine i(k).
-6
Let x(a) = -758*a**3 + 7*a**2 - 3 + 759*a**3 + 3*a - 5. Give x(-6).
10
Suppose 2*t + 222 = 3*v, -5*v + t + 2*t + 370 = 0. Let n be v/(-14) + (-4)/(-14). Let h(g) = 7 + 0*g**2 - 7*g + 14*g + 0*g**2 + g**2. What is h(n)?
-3
Let z(x) = 10*x + 4. Let p(a) = -2 + 18*a + 11*a + 13. Let h(v) = -3*p(v) + 8*z(v). Determine h(-1).
6
Let p = 7 + -5. Let z(w) = -4*w**2 + 0*w**3 + w**3 - 5 - 6*w + 9*w**p + 3. What is z(-6)?
-2
Let w(m) = -m**2. Let r(v) = -7*v**2 + 4*v. Let u(l) = r(l) - 6*w(l). Let h(f) = 0 + f - 2 + 3. Let i be h(3). Give u(i).
0
Let v(z) be the second derivative of z**5/20 - 5*z**4/12 + z**3/3 - z**2/2 - z. Calculate v(3).
-13
Suppose 4*h - 39 + 3 = 0. Let t(p) = h + 11*p**2 - 2*p - 9*p**2 + p**3 - 8*p**2. Let u = -3 + 9. What is t(u)?
-3
Let m = -9 - -6. Suppose 0 = -3*b - 10 - 5. Let y(n) = -3*n**2 + 8*n - 5. Let t(f) = -2*f**2 + 5*f - 3. Let o(c) = b*y(c) + 8*t(c). Give o(m).
-8
Let k(q) = 2*q**3 + 15*q**2 + 5*q + 13. Let f(g) = g**3 + 7*g**2 + 3*g + 6. Let b(t) = -5*f(t) + 2*k(t). Give b(-3).
-7
Let w(g) be the third derivative of -g**4/24 - 7*g**3/6 - 9*g**2. Give w(-7).
0
Let b(u) be the third derivative of u**6/120 + u**5/60 + 9*u**2. Let r(n) = -8*n - 2 + 0*n - 2*n**2 + n**3 + 9*n**2. Let d be r(-8). Determine b(d).
-4
Let f(n) = 9*n**2 - n. Suppose 3*z = -2*z - 5. What is f(z)?
10
Let o = -8 + 5. Let f(b) = -3 + 6 + 0*b**2 + 2*b + b**2. Give f(o).
6
Let s = -22 + 15. Let o be (-2)/7 + (-9)/s. Let u(g) be the second derivative of g**4/6 + 2*g. Determine u(o).
2
Suppose -2*x + 6*x = 20. Let m be 1/(-1) + 1/1. Suppose 2*i = -4, -x*u + i + i + 24 = m. Let c(z) = z**2 - 5*z + 5. Calculate c(u).
1
Let g(o) = 2*o**2 - 5*o - 4. Let a be (-552)/(-108) + (-2)/18. Determine g(a).
21
Let b = 5 - 3. Let t(z) = 2 + 4*z**2 - 2*z - 4 + 4 - 2*z**2. D